{"id":3529,"date":"2024-12-06T18:22:30","date_gmt":"2024-12-06T17:22:30","guid":{"rendered":"https:\/\/effortdenouzonville.fr\/?page_id=3529"},"modified":"2024-12-11T08:18:37","modified_gmt":"2024-12-11T07:18:37","slug":"competitions-2023-2024","status":"publish","type":"page","link":"https:\/\/effortdenouzonville.fr\/?page_id=3529","title":{"rendered":"Comp\u00e9titions 2023 &#8211; 2024"},"content":{"rendered":"\n<p class=\"has-text-align-center has-luminous-vivid-orange-color has-text-color has-link-color wp-elements-9666aee555cd30d82f671b95504b6086\"><strong>Championnat D\u00e9partemental par Equipe<\/strong><\/p>\n\n\n\n<p><em>Sedan &#8211; 20 janvier 2024<\/em><\/p>\n\n\n\n<p>Cinq titres de championnes d\u00e9partementales par \u00e9quipe pour notre club.<\/p>\n\n\n\n<p class=\"has-text-align-center has-luminous-vivid-orange-color has-text-color has-link-color wp-elements-357a01d7c3465ca4d7ff2632f317cf60\"><strong>Championnat D\u00e9partemental Individuel<\/strong><\/p>\n\n\n\n<p><em>Givet &#8211; 10 f\u00e9vrier 2024<\/em><\/p>\n\n\n\n<p>Huit titres de championnes individuelles d\u00e9partementales pour l&rsquo;Effort.<\/p>\n\n\n\n<p class=\"has-text-align-center has-luminous-vivid-orange-color has-text-color has-link-color wp-elements-15f1ccdfb2bf7f9e61b1af7da5408536\"><strong>Championnat Interd\u00e9partemental Individuel<\/strong><\/p>\n\n\n\n<p><em>Troyes &#8211; 17 f\u00e9vrier 2024<\/em><\/p>\n\n\n\n<p>Les gymnastes du club remportent huit titres de championnes d\u00e9partementales dans la capitale de la Champagne. <\/p>\n\n\n\n<figure class=\"wp-block-image size-large\"><img loading=\"lazy\" decoding=\"async\" width=\"771\" height=\"1024\" src=\"https:\/\/effortdenouzonville.fr\/wp-content\/uploads\/2024\/12\/photo-article-3-771x1024.jpg\" alt=\"\" class=\"wp-image-3547\" srcset=\"https:\/\/effortdenouzonville.fr\/wp-content\/uploads\/2024\/12\/photo-article-3-771x1024.jpg 771w, https:\/\/effortdenouzonville.fr\/wp-content\/uploads\/2024\/12\/photo-article-3-226x300.jpg 226w, https:\/\/effortdenouzonville.fr\/wp-content\/uploads\/2024\/12\/photo-article-3-768x1020.jpg 768w, https:\/\/effortdenouzonville.fr\/wp-content\/uploads\/2024\/12\/photo-article-3-1157x1536.jpg 1157w, https:\/\/effortdenouzonville.fr\/wp-content\/uploads\/2024\/12\/photo-article-3.jpg 1542w\" sizes=\"auto, (max-width: 771px) 100vw, 771px\" \/><\/figure>\n\n\n\n<p class=\"has-text-align-center has-luminous-vivid-orange-color has-text-color has-link-color wp-elements-8ed876fc2af26716baa95ab02ceb76a9\"><strong>Championnat R\u00e9gional Grand-Est Individuel National<\/strong><\/p>\n\n\n\n<p><em>Saverne &#8211; 6 et 7 avril 2024<\/em><\/p>\n\n\n\n<p>Apolline Ch\u00e9daille sur la plus haute marche du podium en cat\u00e9gorie 12 ans. <\/p>\n\n\n\n<p>Et Alexandra Galkin est championne r\u00e9gionale en cat\u00e9gorie 13 ans.<\/p>\n\n\n\n<p class=\"has-text-align-center has-luminous-vivid-orange-color has-text-color has-link-color wp-elements-08fee6feb1ebc78d307e0afa05d41471\"><strong>Championnat R\u00e9gional Grand-Est par Equipe<\/strong><\/p>\n\n\n\n<p><em>Sarreguemines &#8211; 20 et 21 avril 2024<\/em><\/p>\n\n\n\n<p>Notre \u00e9quipe f\u00e9d\u00e9rale remporte le titre r\u00e9gional en cat\u00e9gorie 10-13 ans. Et la m\u00e9daille d&rsquo;argent pour notre \u00e9quipe f\u00e9d\u00e9rale dans la cat\u00e9gorie 10 ans et plus. Et l&rsquo;\u00e9quipe nationale 12-15 se pare de bronze.<\/p>\n\n\n\n<p class=\"has-text-align-center has-vivid-red-color has-text-color has-link-color wp-elements-9c40e32710d42d47de8a3c293426581a\"><strong>Championnat de France Individuel National<\/strong><\/p>\n\n\n<div class=\"wp-block-image\">\n<figure class=\"aligncenter size-full is-resized\"><img loading=\"lazy\" decoding=\"async\" width=\"498\" height=\"280\" src=\"https:\/\/effortdenouzonville.fr\/wp-content\/uploads\/2024\/12\/FranceFlagGifGIF.gif\" alt=\"\" class=\"wp-image-3569\" style=\"width:92px;height:auto\"\/><\/figure><\/div>\n\n\n<p><em>Oyonnax &#8211; Week-end du 3 au 5 mai 2024<\/em><\/p>\n\n\n<div class=\"wp-block-image\">\n<figure class=\"aligncenter size-large is-resized\"><img loading=\"lazy\" decoding=\"async\" width=\"1024\" height=\"768\" src=\"https:\/\/effortdenouzonville.fr\/wp-content\/uploads\/2024\/12\/photo-article-OYONNAX-2-1024x768.jpg\" alt=\"\" class=\"wp-image-3548\" style=\"width:437px;height:auto\" srcset=\"https:\/\/effortdenouzonville.fr\/wp-content\/uploads\/2024\/12\/photo-article-OYONNAX-2-1024x768.jpg 1024w, https:\/\/effortdenouzonville.fr\/wp-content\/uploads\/2024\/12\/photo-article-OYONNAX-2-300x225.jpg 300w, https:\/\/effortdenouzonville.fr\/wp-content\/uploads\/2024\/12\/photo-article-OYONNAX-2-768x576.jpg 768w, https:\/\/effortdenouzonville.fr\/wp-content\/uploads\/2024\/12\/photo-article-OYONNAX-2-800x600.jpg 800w, https:\/\/effortdenouzonville.fr\/wp-content\/uploads\/2024\/12\/photo-article-OYONNAX-2.jpg 1280w\" sizes=\"auto, (max-width: 1024px) 100vw, 1024px\" \/><\/figure><\/div>\n\n\n<p>Ma\u00e9line Ch\u00e9daille se classe 25\u00e8me dans sa cat\u00e9gorie des 15 ans, Apolline Ch\u00e9daille termine 6\u00e8me de sa cat\u00e9gorie des 12 ans. Et \ud83d\udc4f\ud83d\udc4f\ud83d\udc4f\ud83d\udc4f\ud83d\udc4f le titre national supr\u00eame pour Alexandra Galkin dans sa cat\u00e9gorie des 13 ans.<\/p>\n\n\n<div class=\"wp-block-image\">\n<figure class=\"aligncenter size-large is-resized\"><img loading=\"lazy\" decoding=\"async\" width=\"1024\" height=\"1024\" src=\"https:\/\/effortdenouzonville.fr\/wp-content\/uploads\/2024\/12\/photo-article-OYONNAX-1024x1024.jpg\" alt=\"\" class=\"wp-image-3549\" style=\"width:454px;height:auto\" srcset=\"https:\/\/effortdenouzonville.fr\/wp-content\/uploads\/2024\/12\/photo-article-OYONNAX-1024x1024.jpg 1024w, https:\/\/effortdenouzonville.fr\/wp-content\/uploads\/2024\/12\/photo-article-OYONNAX-300x300.jpg 300w, https:\/\/effortdenouzonville.fr\/wp-content\/uploads\/2024\/12\/photo-article-OYONNAX-150x150.jpg 150w, https:\/\/effortdenouzonville.fr\/wp-content\/uploads\/2024\/12\/photo-article-OYONNAX-768x768.jpg 768w, https:\/\/effortdenouzonville.fr\/wp-content\/uploads\/2024\/12\/photo-article-OYONNAX-1536x1536.jpg 1536w, https:\/\/effortdenouzonville.fr\/wp-content\/uploads\/2024\/12\/photo-article-OYONNAX.jpg 2048w\" sizes=\"auto, (max-width: 1024px) 100vw, 1024px\" \/><\/figure><\/div>\n\n\n<p class=\"has-pale-pink-color has-text-color has-link-color has-medium-font-size wp-elements-a3e09b3ad264a47ca0508b138e036219\">Nous sommes tr\u00e8s fiers de nos gymnastes ! Bravo les filles !<\/p>\n\n\n\n<p class=\"has-text-align-center has-luminous-vivid-orange-color has-text-color has-link-color wp-elements-08015620fd38aec6c20bc35772afc152\"><strong>Championnat de France par Equipe Division National<\/strong><\/p>\n\n\n\n<p><em>La Roche-Sur-Foron &#8211; Week-end du 15 au 16 juin 2024<\/em><\/p>\n\n\n\n<p>Ma\u00e9line, Apolline, Alexandra et Lia, Championnes de France&nbsp;\ud83e\udd38<\/p>\n\n\n\n<figure class=\"wp-block-image size-full\"><img loading=\"lazy\" decoding=\"async\" width=\"945\" height=\"790\" src=\"https:\/\/effortdenouzonville.fr\/wp-content\/uploads\/2024\/12\/photo-article-7.jpg\" alt=\"\" class=\"wp-image-3551\" srcset=\"https:\/\/effortdenouzonville.fr\/wp-content\/uploads\/2024\/12\/photo-article-7.jpg 945w, https:\/\/effortdenouzonville.fr\/wp-content\/uploads\/2024\/12\/photo-article-7-300x251.jpg 300w, https:\/\/effortdenouzonville.fr\/wp-content\/uploads\/2024\/12\/photo-article-7-768x642.jpg 768w\" sizes=\"auto, (max-width: 945px) 100vw, 945px\" \/><\/figure>\n\n\n<div class=\"wp-block-image\">\n<figure class=\"aligncenter size-large is-resized\"><img loading=\"lazy\" decoding=\"async\" width=\"623\" height=\"1024\" src=\"https:\/\/effortdenouzonville.fr\/wp-content\/uploads\/2024\/12\/photo-article-7-bis-623x1024.jpg\" alt=\"\" class=\"wp-image-3550\" style=\"width:394px;height:auto\" srcset=\"https:\/\/effortdenouzonville.fr\/wp-content\/uploads\/2024\/12\/photo-article-7-bis-623x1024.jpg 623w, https:\/\/effortdenouzonville.fr\/wp-content\/uploads\/2024\/12\/photo-article-7-bis-182x300.jpg 182w, https:\/\/effortdenouzonville.fr\/wp-content\/uploads\/2024\/12\/photo-article-7-bis-768x1263.jpg 768w, https:\/\/effortdenouzonville.fr\/wp-content\/uploads\/2024\/12\/photo-article-7-bis.jpg 919w\" sizes=\"auto, (max-width: 623px) 100vw, 623px\" \/><\/figure><\/div>\n\n\n<p class=\"has-text-align-center has-luminous-vivid-orange-color has-text-color has-link-color wp-elements-7615f937218659e5c01ad6f87d92de39\"><strong>Championnat R\u00e9gional Grand-Est Performance<\/strong><\/p>\n\n\n\n<p><em>Epinal &#8211; Week-end du 21 au 23 juin 2024<\/em><\/p>\n\n\n\n<p>M\u00e9daille d&rsquo;argent pour Sofia, lou, lyna, H\u00e9loise et Manon qui se classent seconde de cette comp\u00e9tition r\u00e9gionale<\/p>\n\n\n\n<figure class=\"wp-block-image size-large\"><img loading=\"lazy\" decoding=\"async\" width=\"1024\" height=\"771\" src=\"https:\/\/effortdenouzonville.fr\/wp-content\/uploads\/2024\/12\/photo-article-8-1024x771.jpg\" alt=\"\" class=\"wp-image-3552\" srcset=\"https:\/\/effortdenouzonville.fr\/wp-content\/uploads\/2024\/12\/photo-article-8-1024x771.jpg 1024w, https:\/\/effortdenouzonville.fr\/wp-content\/uploads\/2024\/12\/photo-article-8-300x226.jpg 300w, https:\/\/effortdenouzonville.fr\/wp-content\/uploads\/2024\/12\/photo-article-8-768x578.jpg 768w, https:\/\/effortdenouzonville.fr\/wp-content\/uploads\/2024\/12\/photo-article-8.jpg 1275w\" sizes=\"auto, (max-width: 1024px) 100vw, 1024px\" \/><\/figure>\n\n\n\n<p>Woinic a eu lui aussi sa m\u00e9daille \ud83d\ude09<\/p>\n","protected":false},"excerpt":{"rendered":"<p>Championnat D\u00e9partemental par Equipe Sedan &#8211; 20 janvier 2024 Cinq titres de championnes d\u00e9partementales par \u00e9quipe pour notre club. Championnat D\u00e9partemental Individuel Givet &#8211; 10 f\u00e9vrier 2024 Huit titres de<\/p>\n","protected":false},"author":1,"featured_media":0,"parent":409,"menu_order":0,"comment_status":"closed","ping_status":"closed","template":"","meta":{"footnotes":""},"class_list":{"1":"page","2":"type-page","3":"status-publish","4":"hentry"},"_links":{"self":[{"href":"https:\/\/effortdenouzonville.fr\/index.php?rest_route=\/wp\/v2\/pages\/3529","targetHints":{"allow":["GET"]}}],"collection":[{"href":"https:\/\/effortdenouzonville.fr\/index.php?rest_route=\/wp\/v2\/pages"}],"about":[{"href":"https:\/\/effortdenouzonville.fr\/index.php?rest_route=\/wp\/v2\/types\/page"}],"author":[{"embeddable":true,"href":"https:\/\/effortdenouzonville.fr\/index.php?rest_route=\/wp\/v2\/users\/1"}],"replies":[{"embeddable":true,"href":"https:\/\/effortdenouzonville.fr\/index.php?rest_route=%2Fwp%2Fv2%2Fcomments&post=3529"}],"version-history":[{"count":14,"href":"https:\/\/effortdenouzonville.fr\/index.php?rest_route=\/wp\/v2\/pages\/3529\/revisions"}],"predecessor-version":[{"id":3577,"href":"https:\/\/effortdenouzonville.fr\/index.php?rest_route=\/wp\/v2\/pages\/3529\/revisions\/3577"}],"up":[{"embeddable":true,"href":"https:\/\/effortdenouzonville.fr\/index.php?rest_route=\/wp\/v2\/pages\/409"}],"wp:attachment":[{"href":"https:\/\/effortdenouzonville.fr\/index.php?rest_route=%2Fwp%2Fv2%2Fmedia&parent=3529"}],"curies":[{"name":"wp","href":"https:\/\/api.w.org\/{rel}","templated":true}]}}