{"id":401,"date":"2021-08-25T15:08:44","date_gmt":"2021-08-25T13:08:44","guid":{"rendered":"https:\/\/effortdenouzonville.fr\/?page_id=401"},"modified":"2025-08-08T13:38:39","modified_gmt":"2025-08-08T11:38:39","slug":"reglement","status":"publish","type":"page","link":"https:\/\/effortdenouzonville.fr\/?page_id=401","title":{"rendered":"Consignes et r\u00e8gles"},"content":{"rendered":"\n<p><\/p>\n\n\n\n<p><strong><span class=\"has-inline-color has-vivid-red-color\">Consignes et r\u00e8gles \u00e0 respecter pour tous les licenci\u00e9s&nbsp;:<\/span><\/strong> De la baby gym \u00e0 la team gym&#8230;<\/p>\n\n\n\n<p>Respecter les horaires, avoir une tenue adapt\u00e9e pour pratiquer la gymnastique, avoir les cheveux attach\u00e9s, des chaussettes propres de couleur claire (pour ne pas tacher le praticable).<\/p>\n\n\n\n<p>Pour toutes les activit\u00e9s, pas de parent spectateur dans la salle (sauf pour le groupe maman b\u00e9b\u00e9 du samedi matin: un adulte par enfant, cheveux attach\u00e9s et chaussettes claires intervient aux c\u00f4t\u00e9s de l&rsquo;enfant)<\/p>\n\n\n\n<p>L&rsquo;acc\u00e8s aux vestiaires est interdit aux parents.<\/p>\n\n\n\n<p>Le dossier d\u2019inscription <strong>complet<\/strong> doit \u00eatre rendu lors de la 2 <sup>\u00e8me<\/sup> s\u00e9ance . Il comprend:<\/p>\n\n\n\n<p>1 \u2013 une fiche d\u2019inscription et une simple photo de l&rsquo;inscrit.<\/p>\n\n\n\n<p>2 \u2013 un questionnaire de sant\u00e9 de la FFGYM rempli \/ou un certificat m\u00e9dical pour les comp\u00e9titives.<\/p>\n\n\n\n<p>&nbsp;3 \u2013 Le r\u00e8glement total de la cotisation. Les pr\u00e9inscriptions sont d\u00e9finitives et aucun remboursement ne peut \u00eatre accord\u00e9.<\/p>\n\n\n\n<p><strong>En cas d&rsquo;absence aux s\u00e9ances, pr\u00e9venir les moniteurs \u00a0: Tel.\u00a0: 03 24 53 17 11 <\/strong><\/p>\n\n\n\n<p>Toutes les s\u00e9ances sont assur\u00e9es au jour et heure dits sauf pendant les vacances scolaires et en cas d&rsquo;utilisation exceptionnelle de la salle , voire ind\u00e9pendante du club.<\/p>\n\n\n\n<p>Enfin pour votre information, un site de vente de tenues et articles de gym au logo du club est mis en place sur le site de KER CREA : veste, pantalon, leggins ,sweat, short, teeshirt, claquettes etc&#8230; (le lien est sur le site internet du club)<\/p>\n\n\n\n<p><strong><span class=\"has-inline-color has-vivid-red-color\">PARTICULARITES POUR LES GYMNASTES DE COMPETITION&nbsp;:<\/span><\/strong><\/p>\n\n\n\n<p>&#8211; Le d\u00e9placement aux comp\u00e9titions est \u00e0 la charge des parents<\/p>\n\n\n\n<p>&#8211; l&rsquo;engagement individuel et le d\u00e9placement sont \u00e0 la charge des parents. Le club prend en charge les engagements d&rsquo;\u00e9quipe et les participations aux championnats de France, quelle que soit la cat\u00e9gorie.<\/p>\n\n\n\n<p>&#8211; Les justaucorps aux couleurs de l&rsquo;Effort sont lou\u00e9s et entretenus par le club . 20 euros \u00e0 l&rsquo;ann\u00e9e.<\/p>\n\n\n\n<p>En comp\u00e9tition, la pr\u00e9sence est OBLIGATOIRE pour tous les gymnastes au palmar\u00e8s (disqualification du gymnaste ou de l\u2019\u00e9quipe en cas d\u2019absence).<\/p>\n\n\n\n<p>Enfin les gymnastes sont tenus d&rsquo;assurer leur engagement de d\u00e9but d&rsquo;ann\u00e9e. Aucune absence qui compromet l&rsquo;engagement d&rsquo;une \u00e9quipe n&rsquo;est tol\u00e9r\u00e9e sauf avis m\u00e9dical. Ce sont les moniteurs qui choisissent le programme le mieux adapt\u00e9 \u00e0 votre enfant et aucune \u00e9quipe n&rsquo;est fixe. Tout est modulable et toujours dans l&rsquo;int\u00e9r\u00eat du club et de la gymnaste. Merci de respecter leur choix et leur faire confiance.<\/p>\n\n\n\n<p>Merci de respecter ce r\u00e8glement<strong>.<\/strong><\/p>\n\n\n\n<p><\/p>\n\n\n\n<p><\/p>\n","protected":false},"excerpt":{"rendered":"<p>Consignes et r\u00e8gles \u00e0 respecter pour tous les licenci\u00e9s&nbsp;: De la baby gym \u00e0 la team gym&#8230; Respecter les horaires, avoir une tenue adapt\u00e9e pour pratiquer la gymnastique, avoir les<\/p>\n","protected":false},"author":1,"featured_media":0,"parent":0,"menu_order":0,"comment_status":"closed","ping_status":"closed","template":"","meta":{"footnotes":""},"class_list":{"1":"page","2":"type-page","3":"status-publish","4":"hentry"},"_links":{"self":[{"href":"https:\/\/effortdenouzonville.fr\/index.php?rest_route=\/wp\/v2\/pages\/401","targetHints":{"allow":["GET"]}}],"collection":[{"href":"https:\/\/effortdenouzonville.fr\/index.php?rest_route=\/wp\/v2\/pages"}],"about":[{"href":"https:\/\/effortdenouzonville.fr\/index.php?rest_route=\/wp\/v2\/types\/page"}],"author":[{"embeddable":true,"href":"https:\/\/effortdenouzonville.fr\/index.php?rest_route=\/wp\/v2\/users\/1"}],"replies":[{"embeddable":true,"href":"https:\/\/effortdenouzonville.fr\/index.php?rest_route=%2Fwp%2Fv2%2Fcomments&post=401"}],"version-history":[{"count":9,"href":"https:\/\/effortdenouzonville.fr\/index.php?rest_route=\/wp\/v2\/pages\/401\/revisions"}],"predecessor-version":[{"id":3908,"href":"https:\/\/effortdenouzonville.fr\/index.php?rest_route=\/wp\/v2\/pages\/401\/revisions\/3908"}],"wp:attachment":[{"href":"https:\/\/effortdenouzonville.fr\/index.php?rest_route=%2Fwp%2Fv2%2Fmedia&parent=401"}],"curies":[{"name":"wp","href":"https:\/\/api.w.org\/{rel}","templated":true}]}}