{"id":409,"date":"2021-08-25T15:12:31","date_gmt":"2021-08-25T13:12:31","guid":{"rendered":"https:\/\/effortdenouzonville.fr\/?page_id=409"},"modified":"2023-05-15T18:19:15","modified_gmt":"2023-05-15T16:19:15","slug":"competitions","status":"publish","type":"page","link":"https:\/\/effortdenouzonville.fr\/?page_id=409","title":{"rendered":"Comp\u00e9titions"},"content":{"rendered":"\n<p>Notre \u00e9quipe f\u00e9d\u00e9rale A 10\/13 ans Vice &#8211; Championne de France 2023 \u00e0 Rodez !!!<br>L&rsquo;\u00e9quipe est compos\u00e9e de Clara, Eden et El\u00e9a Bravo les filles !<br>Vous n&rsquo;\u00e9tiez que 3 dans l&rsquo;\u00e9quipe ! <img loading=\"lazy\" decoding=\"async\" width=\"16\" height=\"16\" src=\"https:\/\/static.xx.fbcdn.net\/images\/emoji.php\/v9\/t6c\/1\/16\/1f4aa.png\" alt=\"\ud83d\udcaa\"><img loading=\"lazy\" decoding=\"async\" width=\"16\" height=\"16\" src=\"https:\/\/static.xx.fbcdn.net\/images\/emoji.php\/v9\/t6c\/1\/16\/1f4aa.png\" alt=\"\ud83d\udcaa\"><img loading=\"lazy\" decoding=\"async\" width=\"16\" height=\"16\" src=\"https:\/\/static.xx.fbcdn.net\/images\/emoji.php\/v9\/t6c\/1\/16\/1f4aa.png\" alt=\"\ud83d\udcaa\">L&rsquo;objectif de cette saison 2022\/2023 a \u00e9t\u00e9 atteint !<br>Vous avez port\u00e9 haut les couleurs de Nouzonville et de l&rsquo; Effort , f\u00e9licitations !!! Merci aux entra\u00eeneurs , \u00e0 Manon la juge , et aux mamans pour l&rsquo;intendance &#8230;. Belle finalit\u00e9 , un grand bravo pour cette belle saison gymnique .<\/p>\n\n\n\n<figure class=\"wp-block-image size-large\"><img loading=\"lazy\" decoding=\"async\" width=\"1024\" height=\"1024\" src=\"https:\/\/effortdenouzonville.fr\/wp-content\/uploads\/2023\/05\/345926381_3854113531481996_6846321011671677971_n-1024x1024.jpg\" alt=\"\" class=\"wp-image-1203\" srcset=\"https:\/\/effortdenouzonville.fr\/wp-content\/uploads\/2023\/05\/345926381_3854113531481996_6846321011671677971_n-1024x1024.jpg 1024w, https:\/\/effortdenouzonville.fr\/wp-content\/uploads\/2023\/05\/345926381_3854113531481996_6846321011671677971_n-300x300.jpg 300w, https:\/\/effortdenouzonville.fr\/wp-content\/uploads\/2023\/05\/345926381_3854113531481996_6846321011671677971_n-150x150.jpg 150w, https:\/\/effortdenouzonville.fr\/wp-content\/uploads\/2023\/05\/345926381_3854113531481996_6846321011671677971_n-768x768.jpg 768w, https:\/\/effortdenouzonville.fr\/wp-content\/uploads\/2023\/05\/345926381_3854113531481996_6846321011671677971_n-1536x1536.jpg 1536w, https:\/\/effortdenouzonville.fr\/wp-content\/uploads\/2023\/05\/345926381_3854113531481996_6846321011671677971_n.jpg 2048w\" sizes=\"auto, (max-width: 1024px) 100vw, 1024px\" \/><\/figure>\n\n\n\n<p>Rodez , Miramas nos gymnastes aux finales nationales !! <\/p>\n\n\n\n<p>L&rsquo; \u00e9quipe division f\u00e9d\u00e9rale A 10\/13 ans a obtenu son billet pour le troph\u00e9e national des 12\/13\/14 mai \u00e0 Rodez . <br>GALKIN Alexandra , CHEDAILLE Apolline quant \u00e0 elles se sont s\u00e9lectionn\u00e9es en individuelles 12 ans et 11 ans pour les finales nationales \u00e0 Miramas les 19\/20\/21 mai . <br>L &lsquo; \u00e9quipe nationale 10 ans et plus apr\u00e8s une belle comp\u00e9tition a obtenu le titre de vice-championne Grand Est ce WE \u00e0 Gambsheim . <br>Nous attendons le classement national de toutes les r\u00e9gions et esp\u00e9rons une qualification pour le championnat de France . Souhaitons une belle comp\u00e9tition nationale \u00e0 ces diff\u00e9rentes gymnastes afin qu&rsquo;elles d\u00e9fendent au mieux les couleurs de NOUZONVILLE<\/p>\n\n\n\n<figure class=\"wp-block-image size-full\"><img loading=\"lazy\" decoding=\"async\" width=\"526\" height=\"526\" src=\"https:\/\/effortdenouzonville.fr\/wp-content\/uploads\/2023\/05\/345605112_783674020031287_6254607335674919563_n.jpg\" alt=\"\" class=\"wp-image-1182\" srcset=\"https:\/\/effortdenouzonville.fr\/wp-content\/uploads\/2023\/05\/345605112_783674020031287_6254607335674919563_n.jpg 526w, https:\/\/effortdenouzonville.fr\/wp-content\/uploads\/2023\/05\/345605112_783674020031287_6254607335674919563_n-300x300.jpg 300w, https:\/\/effortdenouzonville.fr\/wp-content\/uploads\/2023\/05\/345605112_783674020031287_6254607335674919563_n-150x150.jpg 150w\" sizes=\"auto, (max-width: 526px) 100vw, 526px\" \/><\/figure>\n\n\n\n<p class=\"has-text-align-left\">Le WE de P\u00e2ques avait lieu le <strong>championnat Grand Est individuels performance et national<\/strong> \u00e0 ILLZACH , 3 podiums &#8230; Le titre pour Alexandra GALKIN en nationale 12 ans , le bronze pour Apolline CHEDAILLE en nationale 11 ans , le bronze \u00e9galement Manon MATHIEU en performance r\u00e9gionale 16\/17 ans . <br>Le niveau \u00e9tait \u00e9lev\u00e9 , encouragements \u00e9galement pour les autres gymnastes une 4 \u00e8me place est toujours frustrante , mais \u00e0 ce niveau aucune erreur possible , la concurrence \u00e9tait l\u00e0 &#8230; <br>Performance r\u00e9gionale 12 ans COLAS Inaya 4 \u00e8me , Performance r\u00e9gionale 14\/15 ans 4 \u00e8me VERITA Lou , 6 \u00e9me BAHA Shainaise , CHEDAILLE Ma\u00eblline 10 \u00e8me , Michels Lucie 18 \u00e8me . <br>Pour cette premi\u00e8re ann\u00e9e de comp\u00e9tition en performance r\u00e9gionale et nationale les r\u00e9sultats sont satisfaisants . <br>Alexandra GALKIN est qualifi\u00e9e pour les championnats de FRANCE cat. Nationale 12 ans \u00e0 Miramas et nous attendons le classement vertical national pour CHEDAILLE Apolline Elite \u00e0 St Brieuc ou Nationale 11 ans \u00e0 Miramas &#8230;. <br>F\u00e9licitations aux coatchs pour leur travail. Merci \u00e0 notre juge , \u00e0 Sylvie ainsi qu&rsquo;aux parents pour leur pr\u00e9sence .<\/p>\n\n\n\n<figure class=\"wp-block-gallery has-nested-images columns-default is-cropped wp-block-gallery-1 is-layout-flex wp-block-gallery-is-layout-flex\">\n<figure class=\"wp-block-image size-large\"><img loading=\"lazy\" decoding=\"async\" width=\"1024\" height=\"683\" data-id=\"1132\" src=\"https:\/\/effortdenouzonville.fr\/wp-content\/uploads\/2023\/04\/grand-est-20231-1024x683.jpg\" alt=\"\" class=\"wp-image-1132\" srcset=\"https:\/\/effortdenouzonville.fr\/wp-content\/uploads\/2023\/04\/grand-est-20231-1024x683.jpg 1024w, https:\/\/effortdenouzonville.fr\/wp-content\/uploads\/2023\/04\/grand-est-20231-300x200.jpg 300w, https:\/\/effortdenouzonville.fr\/wp-content\/uploads\/2023\/04\/grand-est-20231-768x512.jpg 768w, https:\/\/effortdenouzonville.fr\/wp-content\/uploads\/2023\/04\/grand-est-20231-1536x1024.jpg 1536w, https:\/\/effortdenouzonville.fr\/wp-content\/uploads\/2023\/04\/grand-est-20231.jpg 2048w\" sizes=\"auto, (max-width: 1024px) 100vw, 1024px\" \/><\/figure>\n<\/figure>\n\n\n\n<figure class=\"wp-block-gallery has-nested-images columns-default is-cropped wp-block-gallery-2 is-layout-flex wp-block-gallery-is-layout-flex\">\n<figure class=\"wp-block-image size-large\"><img loading=\"lazy\" decoding=\"async\" width=\"1024\" height=\"717\" data-id=\"1133\" src=\"https:\/\/effortdenouzonville.fr\/wp-content\/uploads\/2023\/04\/Podium-Alexandra-illzach-2023-1024x717.jpg\" alt=\"\" class=\"wp-image-1133\" srcset=\"https:\/\/effortdenouzonville.fr\/wp-content\/uploads\/2023\/04\/Podium-Alexandra-illzach-2023-1024x717.jpg 1024w, https:\/\/effortdenouzonville.fr\/wp-content\/uploads\/2023\/04\/Podium-Alexandra-illzach-2023-300x210.jpg 300w, https:\/\/effortdenouzonville.fr\/wp-content\/uploads\/2023\/04\/Podium-Alexandra-illzach-2023-768x537.jpg 768w, https:\/\/effortdenouzonville.fr\/wp-content\/uploads\/2023\/04\/Podium-Alexandra-illzach-2023-1536x1075.jpg 1536w, https:\/\/effortdenouzonville.fr\/wp-content\/uploads\/2023\/04\/Podium-Alexandra-illzach-2023.jpg 2048w\" sizes=\"auto, (max-width: 1024px) 100vw, 1024px\" \/><\/figure>\n<\/figure>\n\n\n\n<figure class=\"wp-block-gallery has-nested-images columns-default is-cropped wp-block-gallery-3 is-layout-flex wp-block-gallery-is-layout-flex\">\n<figure class=\"wp-block-image size-large\"><img loading=\"lazy\" decoding=\"async\" width=\"1024\" height=\"729\" data-id=\"1134\" src=\"https:\/\/effortdenouzonville.fr\/wp-content\/uploads\/2023\/04\/Podium-Apolline-Illzach-2023-1024x729.jpg\" alt=\"\" class=\"wp-image-1134\" srcset=\"https:\/\/effortdenouzonville.fr\/wp-content\/uploads\/2023\/04\/Podium-Apolline-Illzach-2023-1024x729.jpg 1024w, https:\/\/effortdenouzonville.fr\/wp-content\/uploads\/2023\/04\/Podium-Apolline-Illzach-2023-300x214.jpg 300w, https:\/\/effortdenouzonville.fr\/wp-content\/uploads\/2023\/04\/Podium-Apolline-Illzach-2023-768x547.jpg 768w, https:\/\/effortdenouzonville.fr\/wp-content\/uploads\/2023\/04\/Podium-Apolline-Illzach-2023-1536x1094.jpg 1536w, https:\/\/effortdenouzonville.fr\/wp-content\/uploads\/2023\/04\/Podium-Apolline-Illzach-2023.jpg 2048w\" sizes=\"auto, (max-width: 1024px) 100vw, 1024px\" \/><\/figure>\n<\/figure>\n\n\n\n<figure class=\"wp-block-gallery has-nested-images columns-default is-cropped wp-block-gallery-4 is-layout-flex wp-block-gallery-is-layout-flex\">\n<figure class=\"wp-block-image size-large\"><img loading=\"lazy\" decoding=\"async\" width=\"1024\" height=\"703\" data-id=\"1135\" src=\"https:\/\/effortdenouzonville.fr\/wp-content\/uploads\/2023\/04\/podium-Manon-Illzach-2023-1024x703.jpg\" alt=\"\" class=\"wp-image-1135\" srcset=\"https:\/\/effortdenouzonville.fr\/wp-content\/uploads\/2023\/04\/podium-Manon-Illzach-2023-1024x703.jpg 1024w, https:\/\/effortdenouzonville.fr\/wp-content\/uploads\/2023\/04\/podium-Manon-Illzach-2023-300x206.jpg 300w, https:\/\/effortdenouzonville.fr\/wp-content\/uploads\/2023\/04\/podium-Manon-Illzach-2023-768x527.jpg 768w, https:\/\/effortdenouzonville.fr\/wp-content\/uploads\/2023\/04\/podium-Manon-Illzach-2023-1536x1055.jpg 1536w, https:\/\/effortdenouzonville.fr\/wp-content\/uploads\/2023\/04\/podium-Manon-Illzach-2023.jpg 2048w\" sizes=\"auto, (max-width: 1024px) 100vw, 1024px\" \/><\/figure>\n<\/figure>\n\n\n\n<p>Belle performance de nos gymnastes GAF le 1er avril \u00e0 Sedan lors du <strong>championnat inter \u2013 d\u00e9partemental \u00e9quipes cat\u00e9gories performance et nationale<\/strong> <br>3 \u00e9quipes , 3 titres :  2 \u00e9quipes championnes inter \u2013 d\u00e9partemental , et une \u00e9quipe , vice-championne pour les petites 7\/9 ans <br>Bravo aux gyms et entra\u00eeneurs , merci \u00e0 nos juges .<\/p>\n\n\n\n<figure class=\"wp-block-gallery has-nested-images columns-default is-cropped wp-block-gallery-5 is-layout-flex wp-block-gallery-is-layout-flex\">\n<figure class=\"wp-block-image size-large\"><img loading=\"lazy\" decoding=\"async\" width=\"683\" height=\"1024\" data-id=\"1138\" src=\"https:\/\/effortdenouzonville.fr\/wp-content\/uploads\/2023\/04\/0104a-683x1024.jpg\" alt=\"\" class=\"wp-image-1138\" srcset=\"https:\/\/effortdenouzonville.fr\/wp-content\/uploads\/2023\/04\/0104a-683x1024.jpg 683w, https:\/\/effortdenouzonville.fr\/wp-content\/uploads\/2023\/04\/0104a-200x300.jpg 200w, https:\/\/effortdenouzonville.fr\/wp-content\/uploads\/2023\/04\/0104a-768x1152.jpg 768w, https:\/\/effortdenouzonville.fr\/wp-content\/uploads\/2023\/04\/0104a-1024x1536.jpg 1024w, https:\/\/effortdenouzonville.fr\/wp-content\/uploads\/2023\/04\/0104a.jpg 1365w\" sizes=\"auto, (max-width: 683px) 100vw, 683px\" \/><\/figure>\n<\/figure>\n\n\n\n<figure class=\"wp-block-gallery has-nested-images columns-default is-cropped wp-block-gallery-6 is-layout-flex wp-block-gallery-is-layout-flex\">\n<figure class=\"wp-block-image size-large\"><img loading=\"lazy\" decoding=\"async\" width=\"1024\" height=\"683\" data-id=\"1139\" src=\"https:\/\/effortdenouzonville.fr\/wp-content\/uploads\/2023\/04\/0104b-1024x683.jpg\" alt=\"\" class=\"wp-image-1139\" srcset=\"https:\/\/effortdenouzonville.fr\/wp-content\/uploads\/2023\/04\/0104b-1024x683.jpg 1024w, https:\/\/effortdenouzonville.fr\/wp-content\/uploads\/2023\/04\/0104b-300x200.jpg 300w, https:\/\/effortdenouzonville.fr\/wp-content\/uploads\/2023\/04\/0104b-768x512.jpg 768w, https:\/\/effortdenouzonville.fr\/wp-content\/uploads\/2023\/04\/0104b-1536x1024.jpg 1536w, https:\/\/effortdenouzonville.fr\/wp-content\/uploads\/2023\/04\/0104b.jpg 2048w\" sizes=\"auto, (max-width: 1024px) 100vw, 1024px\" \/><\/figure>\n<\/figure>\n\n\n\n<figure class=\"wp-block-gallery has-nested-images columns-default is-cropped wp-block-gallery-7 is-layout-flex wp-block-gallery-is-layout-flex\">\n<figure class=\"wp-block-image size-large\"><img loading=\"lazy\" decoding=\"async\" width=\"683\" height=\"1024\" data-id=\"1140\" src=\"https:\/\/effortdenouzonville.fr\/wp-content\/uploads\/2023\/04\/sedan-gaf-2023-nationale-11-ans-et-plus-inter-dep-683x1024.jpg\" alt=\"\" class=\"wp-image-1140\" srcset=\"https:\/\/effortdenouzonville.fr\/wp-content\/uploads\/2023\/04\/sedan-gaf-2023-nationale-11-ans-et-plus-inter-dep-683x1024.jpg 683w, https:\/\/effortdenouzonville.fr\/wp-content\/uploads\/2023\/04\/sedan-gaf-2023-nationale-11-ans-et-plus-inter-dep-200x300.jpg 200w, https:\/\/effortdenouzonville.fr\/wp-content\/uploads\/2023\/04\/sedan-gaf-2023-nationale-11-ans-et-plus-inter-dep-768x1152.jpg 768w, https:\/\/effortdenouzonville.fr\/wp-content\/uploads\/2023\/04\/sedan-gaf-2023-nationale-11-ans-et-plus-inter-dep-1024x1536.jpg 1024w, https:\/\/effortdenouzonville.fr\/wp-content\/uploads\/2023\/04\/sedan-gaf-2023-nationale-11-ans-et-plus-inter-dep.jpg 1365w\" sizes=\"auto, (max-width: 683px) 100vw, 683px\" \/><\/figure>\n<\/figure>\n\n\n<div class=\"wp-block-image\">\n<figure class=\"aligncenter size-full\"><img loading=\"lazy\" decoding=\"async\" width=\"526\" height=\"701\" src=\"https:\/\/effortdenouzonville.fr\/wp-content\/uploads\/2023\/03\/337819963_721954522964563_8398678838148093120_n.jpg\" alt=\"\" class=\"wp-image-1117\" srcset=\"https:\/\/effortdenouzonville.fr\/wp-content\/uploads\/2023\/03\/337819963_721954522964563_8398678838148093120_n.jpg 526w, https:\/\/effortdenouzonville.fr\/wp-content\/uploads\/2023\/03\/337819963_721954522964563_8398678838148093120_n-225x300.jpg 225w\" sizes=\"auto, (max-width: 526px) 100vw, 526px\" \/><figcaption class=\"wp-element-caption\">2 titres interd\u00e9partementaux lors de la comp\u00e9tition DE GYMNASTIQUE RYTHMIQUE \u00e0 \u00e0 Sedan<\/figcaption><\/figure><\/div>\n\n<div class=\"wp-block-image\">\n<figure class=\"aligncenter size-full\"><img loading=\"lazy\" decoding=\"async\" width=\"717\" height=\"540\" src=\"https:\/\/effortdenouzonville.fr\/wp-content\/uploads\/2023\/03\/336762860_238333388636338_4321025014944030327_n.jpg\" alt=\"\" class=\"wp-image-1115\" srcset=\"https:\/\/effortdenouzonville.fr\/wp-content\/uploads\/2023\/03\/336762860_238333388636338_4321025014944030327_n.jpg 717w, https:\/\/effortdenouzonville.fr\/wp-content\/uploads\/2023\/03\/336762860_238333388636338_4321025014944030327_n-300x226.jpg 300w\" sizes=\"auto, (max-width: 717px) 100vw, 717px\" \/><figcaption class=\"wp-element-caption\">6 titres , de l&rsquo;argent et du bronze lors des championnats interd\u00e9partementaux individuels \u00e0 Epernay !!<\/figcaption><\/figure><\/div>\n\n\n<p>Belles performances de nos gymnastes rythmiques ces 04 &amp; 05 mars \u00e0 Vivier au court lors du championnat des Ardennes .<\/p>\n\n\n\n<figure class=\"wp-block-image size-large\"><img loading=\"lazy\" decoding=\"async\" width=\"768\" height=\"1024\" src=\"https:\/\/effortdenouzonville.fr\/wp-content\/uploads\/2023\/03\/332951802_1211135806190275_325901294584307833_n1-1-768x1024.jpg\" alt=\"\" class=\"wp-image-1098\" srcset=\"https:\/\/effortdenouzonville.fr\/wp-content\/uploads\/2023\/03\/332951802_1211135806190275_325901294584307833_n1-1-768x1024.jpg 768w, https:\/\/effortdenouzonville.fr\/wp-content\/uploads\/2023\/03\/332951802_1211135806190275_325901294584307833_n1-1-225x300.jpg 225w, https:\/\/effortdenouzonville.fr\/wp-content\/uploads\/2023\/03\/332951802_1211135806190275_325901294584307833_n1-1.jpg 1080w\" sizes=\"auto, (max-width: 768px) 100vw, 768px\" \/><figcaption class=\"wp-element-caption\">Le titre pour la cat\u00e9gorie r\u00e9gionale15 ans et moins , ainsi que pour l&rsquo;ensemble f\u00e9d\u00e9rale B 13 ans et moins. Chez les plus jeunes en individuel d\u00e9partemental , cat\u00e9gorie 7\/9 ans Duruisseau Giulia m\u00e9daill\u00e9e de bronze , Conroux Luna 4 \u00e9me place , Cat\u00e9gorie 10\/11 ans , l&rsquo;or pour Gengoux S\u00e9l\u00e9na et l&rsquo;argent pour Daumont Apolline .F\u00e9licitations \u00e0 toutes ces gymnastes et aux entra\u00eeneurs .<\/figcaption><\/figure>\n\n\n\n<figure class=\"wp-block-image size-large\"><img loading=\"lazy\" decoding=\"async\" width=\"1024\" height=\"768\" src=\"https:\/\/effortdenouzonville.fr\/wp-content\/uploads\/2023\/03\/332671393_1217006865620528_3768883779738801590_n2-1024x768.jpg\" alt=\"\" class=\"wp-image-1099\" srcset=\"https:\/\/effortdenouzonville.fr\/wp-content\/uploads\/2023\/03\/332671393_1217006865620528_3768883779738801590_n2-1024x768.jpg 1024w, https:\/\/effortdenouzonville.fr\/wp-content\/uploads\/2023\/03\/332671393_1217006865620528_3768883779738801590_n2-300x225.jpg 300w, https:\/\/effortdenouzonville.fr\/wp-content\/uploads\/2023\/03\/332671393_1217006865620528_3768883779738801590_n2-768x576.jpg 768w, https:\/\/effortdenouzonville.fr\/wp-content\/uploads\/2023\/03\/332671393_1217006865620528_3768883779738801590_n2-1536x1152.jpg 1536w, https:\/\/effortdenouzonville.fr\/wp-content\/uploads\/2023\/03\/332671393_1217006865620528_3768883779738801590_n2-800x600.jpg 800w, https:\/\/effortdenouzonville.fr\/wp-content\/uploads\/2023\/03\/332671393_1217006865620528_3768883779738801590_n2.jpg 2048w\" sizes=\"auto, (max-width: 1024px) 100vw, 1024px\" \/><figcaption class=\"wp-element-caption\">Juges , entra\u00eeneurs et b\u00e9n\u00e9voles \u00e9taient pr\u00e9sentes ces 04 &amp;  \u00e0 Vivier au Court . Merci pour leur investissement .<\/figcaption><\/figure>\n\n\n\n<p class=\"has-text-align-center\">Championnat d\u00e9partemental individuels et \u00e9quipes<\/p>\n\n\n\n<figure class=\"wp-block-image size-large\"><img loading=\"lazy\" decoding=\"async\" width=\"1024\" height=\"683\" src=\"https:\/\/effortdenouzonville.fr\/wp-content\/uploads\/2023\/02\/329529207_1332528217589891_6265879351625298592_n-1024x683.jpg\" alt=\"\" class=\"wp-image-1091\" srcset=\"https:\/\/effortdenouzonville.fr\/wp-content\/uploads\/2023\/02\/329529207_1332528217589891_6265879351625298592_n-1024x683.jpg 1024w, https:\/\/effortdenouzonville.fr\/wp-content\/uploads\/2023\/02\/329529207_1332528217589891_6265879351625298592_n-300x200.jpg 300w, https:\/\/effortdenouzonville.fr\/wp-content\/uploads\/2023\/02\/329529207_1332528217589891_6265879351625298592_n-768x512.jpg 768w, https:\/\/effortdenouzonville.fr\/wp-content\/uploads\/2023\/02\/329529207_1332528217589891_6265879351625298592_n-1536x1024.jpg 1536w, https:\/\/effortdenouzonville.fr\/wp-content\/uploads\/2023\/02\/329529207_1332528217589891_6265879351625298592_n.jpg 2048w\" sizes=\"auto, (max-width: 1024px) 100vw, 1024px\" \/><figcaption class=\"wp-element-caption\"><br><\/figcaption><\/figure>\n\n\n\n<p class=\"has-text-align-center\">Un sans faute pour l&rsquo; EFFORT . F\u00e9licitations aux gymnastes et aux entra\u00eeneurs , merci aux juges .<\/p>\n\n\n\n<p><br><br>&#8211; F\u00e9d\u00e9rale A et performance en r\u00e9gion \u00e0 Troyes les 26 et 27 f\u00e9vrier 2022 &#8211; 4 \u00e9quipes championnes<br>&#8211; Championnat d\u00e9partemental par \u00e9quipes F\u00e9d\u00e9rale B \u00e0 Givet les 19 et 20 mars 2022<\/p>\n\n\n\n<figure class=\"wp-block-gallery has-nested-images columns-default is-cropped wp-block-gallery-8 is-layout-flex wp-block-gallery-is-layout-flex\">\n<figure class=\"wp-block-image size-large\"><img loading=\"lazy\" decoding=\"async\" width=\"768\" height=\"1024\" data-id=\"761\" src=\"https:\/\/effortdenouzonville.fr\/wp-content\/uploads\/2022\/03\/20220226_134027-768x1024.jpg\" alt=\"\" class=\"wp-image-761\" srcset=\"https:\/\/effortdenouzonville.fr\/wp-content\/uploads\/2022\/03\/20220226_134027-768x1024.jpg 768w, https:\/\/effortdenouzonville.fr\/wp-content\/uploads\/2022\/03\/20220226_134027-225x300.jpg 225w, https:\/\/effortdenouzonville.fr\/wp-content\/uploads\/2022\/03\/20220226_134027-1152x1536.jpg 1152w, https:\/\/effortdenouzonville.fr\/wp-content\/uploads\/2022\/03\/20220226_134027-1536x2048.jpg 1536w, https:\/\/effortdenouzonville.fr\/wp-content\/uploads\/2022\/03\/20220226_134027-scaled.jpg 1920w\" sizes=\"auto, (max-width: 768px) 100vw, 768px\" \/><\/figure>\n\n\n\n<figure class=\"wp-block-image size-large\"><img loading=\"lazy\" decoding=\"async\" width=\"768\" height=\"1024\" data-id=\"762\" src=\"https:\/\/effortdenouzonville.fr\/wp-content\/uploads\/2022\/03\/20220226_134323-768x1024.jpg\" alt=\"\" class=\"wp-image-762\" srcset=\"https:\/\/effortdenouzonville.fr\/wp-content\/uploads\/2022\/03\/20220226_134323-768x1024.jpg 768w, https:\/\/effortdenouzonville.fr\/wp-content\/uploads\/2022\/03\/20220226_134323-225x300.jpg 225w, https:\/\/effortdenouzonville.fr\/wp-content\/uploads\/2022\/03\/20220226_134323-1152x1536.jpg 1152w, https:\/\/effortdenouzonville.fr\/wp-content\/uploads\/2022\/03\/20220226_134323-1536x2048.jpg 1536w, https:\/\/effortdenouzonville.fr\/wp-content\/uploads\/2022\/03\/20220226_134323-scaled.jpg 1920w\" sizes=\"auto, (max-width: 768px) 100vw, 768px\" \/><\/figure>\n\n\n\n<figure class=\"wp-block-image size-large\"><img loading=\"lazy\" decoding=\"async\" width=\"768\" height=\"1024\" data-id=\"763\" src=\"https:\/\/effortdenouzonville.fr\/wp-content\/uploads\/2022\/03\/20220226_190230-768x1024.jpg\" alt=\"\" class=\"wp-image-763\" srcset=\"https:\/\/effortdenouzonville.fr\/wp-content\/uploads\/2022\/03\/20220226_190230-768x1024.jpg 768w, https:\/\/effortdenouzonville.fr\/wp-content\/uploads\/2022\/03\/20220226_190230-225x300.jpg 225w, https:\/\/effortdenouzonville.fr\/wp-content\/uploads\/2022\/03\/20220226_190230-1152x1536.jpg 1152w, https:\/\/effortdenouzonville.fr\/wp-content\/uploads\/2022\/03\/20220226_190230-1536x2048.jpg 1536w, https:\/\/effortdenouzonville.fr\/wp-content\/uploads\/2022\/03\/20220226_190230-scaled.jpg 1920w\" sizes=\"auto, (max-width: 768px) 100vw, 768px\" \/><\/figure>\n\n\n\n<figure class=\"wp-block-image size-large\"><img loading=\"lazy\" decoding=\"async\" width=\"768\" height=\"1024\" data-id=\"764\" src=\"https:\/\/effortdenouzonville.fr\/wp-content\/uploads\/2022\/03\/20220226_190457-768x1024.jpg\" alt=\"\" class=\"wp-image-764\" srcset=\"https:\/\/effortdenouzonville.fr\/wp-content\/uploads\/2022\/03\/20220226_190457-768x1024.jpg 768w, https:\/\/effortdenouzonville.fr\/wp-content\/uploads\/2022\/03\/20220226_190457-225x300.jpg 225w, https:\/\/effortdenouzonville.fr\/wp-content\/uploads\/2022\/03\/20220226_190457-1152x1536.jpg 1152w, https:\/\/effortdenouzonville.fr\/wp-content\/uploads\/2022\/03\/20220226_190457-1536x2048.jpg 1536w, https:\/\/effortdenouzonville.fr\/wp-content\/uploads\/2022\/03\/20220226_190457-scaled.jpg 1920w\" sizes=\"auto, (max-width: 768px) 100vw, 768px\" \/><\/figure>\n\n\n\n<figure class=\"wp-block-image size-large\"><img loading=\"lazy\" decoding=\"async\" width=\"1024\" height=\"768\" data-id=\"765\" src=\"https:\/\/effortdenouzonville.fr\/wp-content\/uploads\/2022\/03\/20220226_191802-1024x768.jpg\" alt=\"\" class=\"wp-image-765\" srcset=\"https:\/\/effortdenouzonville.fr\/wp-content\/uploads\/2022\/03\/20220226_191802-1024x768.jpg 1024w, https:\/\/effortdenouzonville.fr\/wp-content\/uploads\/2022\/03\/20220226_191802-300x225.jpg 300w, https:\/\/effortdenouzonville.fr\/wp-content\/uploads\/2022\/03\/20220226_191802-768x576.jpg 768w, https:\/\/effortdenouzonville.fr\/wp-content\/uploads\/2022\/03\/20220226_191802-1536x1152.jpg 1536w, https:\/\/effortdenouzonville.fr\/wp-content\/uploads\/2022\/03\/20220226_191802-2048x1536.jpg 2048w, https:\/\/effortdenouzonville.fr\/wp-content\/uploads\/2022\/03\/20220226_191802-800x600.jpg 800w\" sizes=\"auto, (max-width: 1024px) 100vw, 1024px\" \/><\/figure>\n\n\n\n<figure class=\"wp-block-image size-large\"><img loading=\"lazy\" decoding=\"async\" width=\"768\" height=\"1024\" data-id=\"766\" src=\"https:\/\/effortdenouzonville.fr\/wp-content\/uploads\/2022\/03\/20220227_173008-768x1024.jpg\" alt=\"\" class=\"wp-image-766\" srcset=\"https:\/\/effortdenouzonville.fr\/wp-content\/uploads\/2022\/03\/20220227_173008-768x1024.jpg 768w, https:\/\/effortdenouzonville.fr\/wp-content\/uploads\/2022\/03\/20220227_173008-225x300.jpg 225w, https:\/\/effortdenouzonville.fr\/wp-content\/uploads\/2022\/03\/20220227_173008-1152x1536.jpg 1152w, https:\/\/effortdenouzonville.fr\/wp-content\/uploads\/2022\/03\/20220227_173008-1536x2048.jpg 1536w, https:\/\/effortdenouzonville.fr\/wp-content\/uploads\/2022\/03\/20220227_173008-scaled.jpg 1920w\" sizes=\"auto, (max-width: 768px) 100vw, 768px\" \/><\/figure>\n\n\n\n<figure class=\"wp-block-image size-large\"><img loading=\"lazy\" decoding=\"async\" width=\"756\" height=\"1008\" data-id=\"767\" src=\"https:\/\/effortdenouzonville.fr\/wp-content\/uploads\/2022\/03\/Resized_20220320_170630.jpg\" alt=\"\" class=\"wp-image-767\" srcset=\"https:\/\/effortdenouzonville.fr\/wp-content\/uploads\/2022\/03\/Resized_20220320_170630.jpg 756w, https:\/\/effortdenouzonville.fr\/wp-content\/uploads\/2022\/03\/Resized_20220320_170630-225x300.jpg 225w\" sizes=\"auto, (max-width: 756px) 100vw, 756px\" \/><\/figure>\n\n\n\n<figure class=\"wp-block-image size-large\"><img loading=\"lazy\" decoding=\"async\" width=\"1008\" height=\"756\" data-id=\"768\" src=\"https:\/\/effortdenouzonville.fr\/wp-content\/uploads\/2022\/03\/Resized_20220320_171405.jpg\" alt=\"\" class=\"wp-image-768\" srcset=\"https:\/\/effortdenouzonville.fr\/wp-content\/uploads\/2022\/03\/Resized_20220320_171405.jpg 1008w, https:\/\/effortdenouzonville.fr\/wp-content\/uploads\/2022\/03\/Resized_20220320_171405-300x225.jpg 300w, https:\/\/effortdenouzonville.fr\/wp-content\/uploads\/2022\/03\/Resized_20220320_171405-768x576.jpg 768w, https:\/\/effortdenouzonville.fr\/wp-content\/uploads\/2022\/03\/Resized_20220320_171405-800x600.jpg 800w\" sizes=\"auto, (max-width: 1008px) 100vw, 1008px\" \/><\/figure>\n<\/figure>\n\n\n\n<p><br><\/p>\n","protected":false},"excerpt":{"rendered":"<p>Notre \u00e9quipe f\u00e9d\u00e9rale A 10\/13 ans Vice &#8211; Championne de France 2023 \u00e0 Rodez !!!L&rsquo;\u00e9quipe est compos\u00e9e de Clara, Eden et El\u00e9a Bravo les filles !Vous n&rsquo;\u00e9tiez que 3 dans<\/p>\n","protected":false},"author":1,"featured_media":1182,"parent":0,"menu_order":0,"comment_status":"open","ping_status":"closed","template":"","meta":{"footnotes":""},"class_list":{"0":"post-409","1":"page","2":"type-page","3":"status-publish","5":"hentry"},"_links":{"self":[{"href":"https:\/\/effortdenouzonville.fr\/index.php?rest_route=\/wp\/v2\/pages\/409","targetHints":{"allow":["GET"]}}],"collection":[{"href":"https:\/\/effortdenouzonville.fr\/index.php?rest_route=\/wp\/v2\/pages"}],"about":[{"href":"https:\/\/effortdenouzonville.fr\/index.php?rest_route=\/wp\/v2\/types\/page"}],"author":[{"embeddable":true,"href":"https:\/\/effortdenouzonville.fr\/index.php?rest_route=\/wp\/v2\/users\/1"}],"replies":[{"embeddable":true,"href":"https:\/\/effortdenouzonville.fr\/index.php?rest_route=%2Fwp%2Fv2%2Fcomments&post=409"}],"version-history":[{"count":13,"href":"https:\/\/effortdenouzonville.fr\/index.php?rest_route=\/wp\/v2\/pages\/409\/revisions"}],"predecessor-version":[{"id":1204,"href":"https:\/\/effortdenouzonville.fr\/index.php?rest_route=\/wp\/v2\/pages\/409\/revisions\/1204"}],"wp:featuredmedia":[{"embeddable":true,"href":"https:\/\/effortdenouzonville.fr\/index.php?rest_route=\/wp\/v2\/media\/1182"}],"wp:attachment":[{"href":"https:\/\/effortdenouzonville.fr\/index.php?rest_route=%2Fwp%2Fv2%2Fmedia&parent=409"}],"curies":[{"name":"wp","href":"https:\/\/api.w.org\/{rel}","templated":true}]}}